*v**4/24 - v**3/2 - 3*v. Let k(h) be the second derivative of i(h). Give k(0).
-7
Let c(a) = -a**2 - 4*a - 2. Let t be c(-3). Let r be 0/1 + 2 + t. Suppose -b - r*v + 3 = -4, 20 = -4*b + 4*v. Let s(y) = y**3 + y**2 + y. Give s(b).
-6
Let s(p) be the second derivative of -1/2*p**2 + 1/6*p**3 + p + 0. Let d = -6 + 11. Calculate s(d).
4
Let g(y) = 47 - 48 - 8*y + y. Determine g(-1).
6
Let s(i) = i**3 - 4*i**3 + 1051*i - 1050*i - 3*i**3. Give s(-1).
5
Suppose 5*k - 10 = 0, 4*a + 33 = -a - k. Let t(z) = z - 5. Let o(h) = -2*h + 11. Let u(g) = a*t(g) - 3*o(g). Determine u(-6).
8
Suppose 5*a = 6*i - 3*i + 11, -4*a + 19 = i. Let b(s) = 3*s - 4. Calculate b(a).
8
Let v(s) be the first derivative of 2*s**2 - 4*s - 1. Let l be (1 - 2)/(2/(-10)). Suppose -l*b + 23 = 2*g, 5*b - b + 4*g - 28 = 0. Give v(b).
8
Let d(v) = v. Let u(l) = l - 1. Let p(k) = 2*d(k) - u(k). Determine p(-1).
0
Let w(q) = -q + 4. Let s(k) = -5*k + 16. Let x(b) = 2*s(b) - 9*w(b). What is x(-3)?
-1
Let s(y) = y**2 + 2*y. Let t = -24 + 22. Determine s(t).
0
Let g(y) = 2*y**2 - y + 3. Let f(o) = -3*o**2 + o - 2. Let k(j) = 3*f(j) + 2*g(j). Calculate k(-2).
-22
Let d(j) = j**2 + 278 - 278. Calculate d(-3).
9
Let n(s) = -5*s**3 + 9*s**2 + 3*s + 8. Let x = 38 + -55. Let l(i) = 26*i**2 + 23 - 3*i + 6*i - 14*i**3 + 6*i. Let q(r) = x*n(r) + 6*l(r). What is q(-3)?
-7
Let d(r) = r - 12. Let j be d(9). Let p = j - -1. Let m(a) = a**2 + a + 1. Determine m(p).
3
Let a be 0 - (-1)/(-2) - 260/40. Let h(q) = -q**2 - 7*q - 10. What is h(a)?
-10
Suppose 5*d + 22 = -18. Let o = -7 - d. Suppose 4*g + o + 11 = 0. Let h(i) = i**2 - 1. Determine h(g).
8
Let x(q) = 3*q**2 - 5*q + 7. Suppose -m - 2*m = -24. Let k(n) = -4*n**2 + 0*n - m + n + 5*n. Let j(s) = 5*k(s) + 6*x(s). Give j(2).
-6
Let n(c) = 6*c + 5. Let k be n(-2). Let w(g) = g**3 + 8*g**2 + 6*g - 4. What is w(k)?
3
Let c(n) = 1 - n - 1. Suppose -4*z - 4*b + 6 + 14 = 0, z + 3 = 3*b. Give c(z).
-3
Suppose -5*q = -2*z + 15, -2*z + 5*q = z - 20. Let x(j) be the third derivative of 1/6*j**3 + 0*j + 1/60*j**z - 1/120*j**6 + 0 + 2*j**2 + 0*j**4. Give x(2).
-3
Let h(o) = -o + 1. Let l(r) = -3*r + 2. Let b(f) = -8*h(f) + 3*l(f). Let m be -2*(1 - (1 - 2)). Determine b(m).
2
Let z be (-27)/(-5) + (-4)/10. Let j(l) = -l - 1. Let q(f) be the second derivative of f**3/3 - 9*f**2/2 - 3*f. Let g(v) = -j(v) - q(v). Give g(z).
5
Let l(d) = 3*d**3 - 6*d**2 + 4*d - 1. Let s(i) = 4*i**3 - 7*i**2 + 4*i - 2. Let r(h) = 3*l(h) - 2*s(h). Determine r(3).
4
Let u(h) = -7*h**3 - 5*h**2 + 6*h - 3. Let p(f) = 6*f**3 + 5*f**2 - 6*f + 2. Let v(x) = -6*p(x) - 5*u(x). Calculate v(-6).
3
Suppose -4*s - 1 + 2 = 5*a, 4*s - 31 = 5*a. Let m(l) = 4*l - 6. Give m(s).
10
Suppose -3*m + 21 = -5*z + m, 5*m = -5*z - 30. Let o(s) = -s - 1. Determine o(z).
4
Let g(w) = -13*w - 6. Suppose 0 = -2*j + 3 - 13. Let l(f) be the first derivative of 7*f**2/2 + 3*f + 1. Let p(i) = j*l(i) - 3*g(i). Give p(-2).
-5
Let l(d) be the third derivative of -d**6/120 - d**5/60 - 3*d**2. Let h(f) = -2*f**3 + 3*f. Let z(r) = -h(r) + 3*l(r). What is z(-3)?
9
Let k(i) = i - 6. Let q(s) = 2*s - 11. Let b(c) = -10*k(c) + 6*q(c). Suppose 3*t + 24 = 2*j, -2*j - 36 = 3*t - 0*j. Let x = 15 + t. Determine b(x).
4
Let s(g) = -3*g - 14*g**2 + g**3 - 10 - 4*g + 7*g**2. Calculate s(8).
-2
Let d(g) = 3*g + 9. Let y(f) = -4*f - 8. Let b(w) = -2*d(w) - 3*y(w). Let h(u) = 5*u + 5. Let r(v) = -6*b(v) + 7*h(v). Calculate r(-4).
3
Let j(d) be the third derivative of d**6/120 - d**5/15 - d**4/4 + 2*d**3/3 - 12*d**2. Determine j(5).
-1
Let i = -100 - -108. Let h(p) = p**2 - 8*p - 10. Calculate h(i).
-10
Let h(s) be the second derivative of -s**5/60 - s**4/8 - s**3/6 + 5*s**2 - 7*s. Let d(z) be the first derivative of h(z). What is d(-3)?
-1
Let o(l) be the second derivative of -7*l + 0 - 1/2*l**2 + 1/2*l**3. Calculate o(-1).
-4
Let l(n) = -2*n**2 + 4*n - 2. Let v be 2*(-1)/7 + (-80)/(-35). What is l(v)?
-2
Let x(m) = 2 - 6 + 6*m**2 + 5*m + m**3 - 4*m**3 + 4*m**3. Suppose 2*u = -5*h - 10 + 2, 0 = -3*u - 4*h - 12. Calculate x(u).
8
Let o = -1 - -2. Let c(v) = 2*v - 2 + 2 + o + 0*v. Give c(-1).
-1
Let h(c) be the third derivative of c**4/24 + 2*c**2. Give h(4).
4
Suppose -2*w - 12 = -5*w. Let d(x) = x - 1. Let y(s) = s**2 - s + 3. Let v(g) = 3*d(g) - y(g). What is v(w)?
-6
Let a(f) = f**2 - 4*f + 7. Let b = -14 + 19. Give a(b).
12
Suppose 6*o - 7*o - 6 = 0. Let j(z) = -z**3 - 7*z**2 - 7*z - 6. Calculate j(o).
0
Let a(t) = 3*t**3 - 3*t**3 - 2*t**2 + t**3. Let k be 2 + 4/(-2) - -2. Determine a(k).
0
Let k(b) = -b**3 - 5*b + 2*b + 4*b + 2. Let q(j) = -j. Let t(u) = -u**2 - u. Let s(r) = 2*q(r) - t(r). Let g be s(1). Give k(g).
2
Let y = -11 + 18. Suppose 19 = -3*o + y. Let p(s) = -s**3 - 5*s**2 - 4*s - 5. Determine p(o).
-5
Let x(w) = -5*w**3 - 4*w**2 + 9*w + 4. Let a(g) = 6*g**3 + 4*g**2 - 10*g - 5. Let y(k) = 4*a(k) + 5*x(k). Give y(-5).
0
Let s(i) = i**3 + 7*i**2 + 6*i - 5. Let d(b) = 5*b - 1. Let h be d(-1). Determine s(h).
-5
Suppose -s - 4*s + 10 = 0. Suppose 0*l - 3*l - h + s = 0, -4*l = -5*h + 10. Let x = l + -2. Let m(q) = -q - 3. What is m(x)?
-1
Let h(g) be the third derivative of -1/120*g**6 + 0 + 1/12*g**5 + 0*g + 5/24*g**4 + 2/3*g**3 + 3*g**2. Determine h(6).
-2
Let r(p) = -4*p - p + 3*p**2 + 2*p - p**3. Determine r(2).
-2
Suppose 4*o + j - 1 = 0, 2 - 6 = 2*o + 2*j. Let t(m) = m + 1. Let r(k) = k**2 - 7*k - 4. Let g(l) = o*r(l) + 5*t(l). Give g(-2).
9
Let c(q) = 13*q**2 + 4*q - 3*q - 4*q**2. Let f(m) = m**3 + 28*m**2 + 2*m + 55. Let w be f(-28). What is c(w)?
8
Let b(k) = k**3 + 4*k**2 + 3*k + 3. Let h = -17 + 14. Calculate b(h).
3
Suppose -4*a + 14 = j + 40, 3*a - 2*j = -25. Let t = -3 - a. Let k(g) = 5*g - 3*g + g**3 - 5*g**2 - 2*g**2 + 2*g**2 + t. Give k(3).
-8
Let i(o) = -2*o + 0 - 2 + 5 - 2. Determine i(7).
-13
Let q be 4/(-6)*6/(-4). Let c(d) = d - 1. Let s(v) = -3*v - 7. Let l(k) = q*s(k) + 2*c(k). Suppose 2*m = 4*m - 2*t + 6, 5*m = -4*t - 33. Calculate l(m).
-4
Let z(m) = -10*m**3 + 4*m - 6*m**3 + 15*m**3 + 5*m**2 + 7 + m. Give z(6).
1
Suppose -4*c + 2*y = -25 - 1, 3*y = -3*c - 3. Let j(x) = -x + 9. Give j(c).
5
Let m(o) = -o**2 + 2*o + 5. Let f be ((-4)/(-8))/(2/8). Suppose 0 = -5*l + 3*t + 22, -4 = -f*t - 2. Determine m(l).
-10
Let i(p) = -1 + 3 + 3*p - 4*p - 8. Let b be ((-10)/(-25))/(2/10). Suppose 4*s - b*s + 6 = 0. What is i(s)?
-3
Let g(o) = -o**3 - o**2 + o + 8. Suppose 4*s - z = 8, 0*z = -3*s - 2*z + 17. Let c = s - 3. Calculate g(c).
8
Let v(c) = -c + 12. Let k be v(8). Suppose 3*p - 5 = k*p. Let s(j) = -j**2 - 4*j - 4. Determine s(p).
-9
Let k = 12 - 7. Suppose 0 = -2*y + 17 - k. Let t be (-3)/2*8/y. Let a(x) = -x. Give a(t).
2
Let f(i) = -3*i. Suppose 2*d = 2*x, -5*d = 5*x - d + 27. Let y be (2/x)/(2/3). Calculate f(y).
3
Let z(c) = c**2 + c + 7. Let g = -23 + 11. Let m = -12 - g. Calculate z(m).
7
Let b be 8/10*(-20)/(-8). Suppose -2*z = 2*g + z + 9, -b*z - 6 = g. Let s(p) = -p**2 + p - 9. Determine s(g).
-9
Let j(d) be the first derivative of -d**3/3 - d**2/2 - d - 13. Determine j(-1).
-1
Let n = 9 - 7. Let t(k) = 1 + k + 4 + 0 - n. Determine t(-5).
-2
Let y(o) be the third derivative of o**6/120 - 2*o**5/15 + o**4/4 + o**3/2 + 21*o**2. Determine y(7).
-4
Let j(o) = -o - 3. Let x(r) = 2*r**2 - r + 2. Let v(l) = l**2 - 2*l + 1. Let q(i) = 3*v(i) - 2*x(i). Let y be q(-3). Suppose 0 = 3*t - y*t. Give j(t).
-3
Let f be ((-2)/(10/3))/(52/260). Let p(i) = -i + 2. What is p(f)?
5
Let x(k) = k**3 + 2*k**2 - 3*k - 3. Let d = 15 + -18. Calculate x(d).
-3
Let o be 6 - 1 - (2 + 1). Let w(m) = -m - 2. Determine w(o).
-4
Let i(s) = 57*s - 1 - 57*s + 8*s**2. Give i(-1).
7
Let b(z) = 3*z**2 - z - 4*z**3 + 3*z**3 + 1 + 4*z**2 - 2*z**2. Give b(5).
-4
Let d(n) = -6*n - 1. Let i(z) = z. Let q(x) = -d(x) + 2*i(x). Determine q(-2).
-15
Let n(f) = -4*f - 9*f + 14*f + f**2 + 2 + 0. Determine n(2).
8
Let j(m) be the first derivative of m**5/20 + 7*m**4/12 + 5*m**3/6 + 4*m**2 + 5*m + 4. Let h(t) be the first derivative of j(t). Determine h(-6).
14
Suppose -3*c + c = 0. Let m(d) = d**2 + d + 4. Determine m(c).
4
Suppose 3*p + 11 = -4. Let r(h) = -h**2 - 2*h + 3. Give r(p).
-12
Let u(y) = y**3 + 2*y**2 - 1. Suppose 23*k - 26*k = 3. Calculate u(k).
0
Let o(r) = 3*r**3 + 4*r**2. Let b = -23 - -21. Let d(l) = 10*l**3 + 12*l**2 + 1. Let